- 3. Let w(m) = -5*c(m) + 7*k(m). Calculate w(7).
15
Suppose -v - 2*z = 0, -4*v - 36 = -3*z + 2*z. Let r be (-12)/9 + v/12. Let a(s) = -2*s - 2. Determine a(r).
2
Let x(n) = n**3 + 2*n + 0*n + 4*n**2 - 5*n**2. Let k(m) = -m**2 - m + 19. Let b be k(0). Let o = b + -17. Calculate x(o).
8
Let a(i) = -11*i. Let q(u) = -61*u + 2. Let l(j) = 11*a(j) - 2*q(j). Let z be (1/(-1))/((-2)/(-12)). Determine l(z).
-10
Suppose 0 = -97*r + 68*r - 203. Let j(k) = k - 5. What is j(r)?
-12
Let x(g) = g**3 + 6*g**2 - 33*g - 183. Let d be x(-7). Let f(j) = -6*j**2 - 2*j - 2. Give f(d).
-6
Let q(k) be the second derivative of 0 + 3*k**2 + 1/20*k**5 + 14*k + 5/12*k**4 - 5/6*k**3. What is q(-6)?
0
Let s(c) = -2*c**2 - 5*c - 4. Let x(m) = 2*m**2 + 6*m + 5. Let b(p) = 5*s(p) + 4*x(p). Let y = 471 + -469. Calculate b(y).
-10
Let n(c) = -6*c**2 + 1. Let w be (-1)/(-3)*(8 - 11). Give n(w).
-5
Suppose 4*o = -20, 2*k = o + 4*o + 37. Let f(x) = x**2 - 4*x - 4. Determine f(k).
8
Let c(x) be the third derivative of x**4/12 - x**3/3 - x**2. Let t be -5*(-6)/(-18)*96/(-40). Determine c(t).
6
Suppose -12 = 3*q + 2*i - 5*i, -4*i + 16 = 5*q. Suppose -f - 4*c + 2 = -9, -5*c + 20 = q. Let o(b) = b**2 + 7*b + 4. Give o(f).
-6
Let j(k) be the third derivative of k**6/120 - k**5/15 + k**4/24 + 2*k**3/3 - 33*k**2 - k. Let n = -4 + 7. Determine j(n).
-2
Let w(n) = -n - 2. Suppose 3*m + 2*j - 146 = 0, 0*j = -m + 2*j + 54. Suppose -2*y + 4*s = -58, 2*y - 5*s - 3 = m. Let k = 38 - y. What is w(k)?
-1
Let h(y) = -5*y**2 - 6*y - 2. Let n(z) = 14*z**2 + 18*z + 5. Let w(t) = 11*h(t) + 4*n(t). Let d be ((-23)/(-3))/(8/24). Let a = d + -28. Determine w(a).
-7
Let y(h) = h**2 - h - 4. Suppose -2*c = -5*j - 5, -j + 16 = 4*c + 17. Calculate y(c).
-4
Let g(w) = -w**3 - 10*w**2 - 11*w + 1. Let x(f) = -f**3 - 10*f**2 - 12*f + 1. Let q(l) = 3*g(l) - 2*x(l). Give q(-9).
1
Suppose 16 = 4*z, -3*a + 2 - 1 = -5*z. Let s(o) be the first derivative of o**2/2 - 2*o - 5582. What is s(a)?
5
Let i(c) = 9*c**3 - 2*c**2 - 26*c + 6. Let w(y) = -5*y**3 + y**2 + 14*y - 2. Let q(s) = -4*i(s) - 7*w(s). Give q(2).
-2
Suppose -4*n + 32 - 16 = 0. Suppose n*x = 5 + 7. Let u(d) = -5 - 2*d + 1 + 3*d + x. Determine u(5).
4
Let i(l) = 3 - 243*l + 241*l - 5 + 13. What is i(8)?
-5
Let u(o) = -o**3 - 9*o**2 + 8*o - 5. Let a(v) = -23*v**2 - 13*v. Let q be a(-1). Determine u(q).
15
Let k(p) be the first derivative of -7*p**2/2 + 10*p + 84. Determine k(-5).
45
Let l(w) = -10*w - 3. Let n = -997 - -996. What is l(n)?
7
Let l(k) = -2*k**3 - 2*k**2 - 9*k. Let n(q) = -q**3 - 2*q. Let w(h) = l(h) - 3*n(h). Calculate w(3).
0
Let q(j) = 8 - 3 + j + 3*j - 5*j. Suppose 4*u = u + 12. What is q(u)?
1
Let h be -42*3*(-4)/36. Suppose -h = 4*u + 2. Let z(y) = -5*y + 2 - 4 + 4*y. What is z(u)?
2
Let k = -10 + 17. Let l = -21 - -25. Let r(i) = 14*i**3 - 21*i**2 - 3*i + 38. Let g(d) = -5*d**3 + 7*d**2 + d - 13. Let z(v) = l*r(v) + 11*g(v). Determine z(k).
2
Let g(p) be the third derivative of -p**5/30 + p**3/6 + 2*p**2. Suppose 42*s - 43*s + 7 = 0. Let f = s + -10. What is g(f)?
-17
Suppose -3*m = -5*w - 61 - 60, -w + m - 25 = 0. Let c(f) = f + 19. Determine c(w).
-4
Let f(o) be the second derivative of 1/2*o**3 + 0 + 3/2*o**2 - 1/5*o**5 - 1/6*o**4 + 19*o. Calculate f(-2).
21
Let a(s) = -4 - 2 - 6 - 4*s - 10 + 7*s. Calculate a(9).
5
Let g(u) = 4*u + 0 + 21 - 15 + u**2 - 1 + 1. Give g(-5).
11
Let r be (3 - (2 - 3)) + 0. Suppose 5*i = 4*i + r. Let j(d) = d - 1. Give j(i).
3
Let k(f) = f - 11 + 49 - 15 - 1. Give k(-20).
2
Let z(f) be the third derivative of 0*f - 7/24*f**4 + 3*f**2 - 1/120*f**5 + 0 + 2/3*f**3. Let d(m) be the first derivative of z(m). Give d(-3).
-4
Let j(f) = -19*f + 6. Let y(m) = 440*m - 140. Let o(b) = 140*j(b) + 6*y(b). What is o(1)?
-20
Let v(l) = -18 - 22 - 15 - 3*l - 20 + 66. Determine v(-3).
0
Let f(v) be the first derivative of v**3/3 + 5*v**2/2 + 4*v + 1. Let u be (13/(-13) - 2) + 0. What is f(u)?
-2
Let i = -7942 - -7936. Let o(w) = 21*w + 29. Let q be 0 - (1 - -1*12). Let d(m) = -10*m - 14. Let s(y) = q*d(y) - 6*o(y). Give s(i).
-16
Let p(y) = -145*y. Let v(m) = -62*m + 1. Let k(w) = -3*p(w) + 7*v(w). Suppose -i = 4*i + 2*d + 20, 3*d + 9 = -4*i. Determine k(i).
1
Let g(a) = a**3 + a**2 - 4*a + 1. Let y = 10 + -7. Suppose -5*d = -2*v + 3 + 10, -4*d - y*v = 15. What is g(d)?
-5
Let l(o) = 2*o - 12. Suppose -3*a - 4*v - 52 = -7*a, 0 = a + 4*v + 12. Determine l(a).
4
Let u(q) = q**2 + 9*q + 6. Let h(z) = -z**3 - z**2 + z. Let m(a) = -7*a**3 + 2*a**2 + 2*a - 15. Let o(n) = 6*h(n) - m(n). Let p be o(7). What is u(p)?
-12
Let n(k) be the second derivative of -k**4/12 - k**3/3 + 3*k**2/2 + 6*k. Suppose -2*a - 3 = -13. Suppose a = -u + 1. Calculate n(u).
-5
Suppose 9*f = 6*f - 18. Let u(p) = -3*p - 5. Let w(y) = -y - 2. Let b(o) = -3*u(o) + 7*w(o). Calculate b(f).
-11
Let l(h) be the first derivative of h**6/360 + h**5/60 - h**4/24 - 7*h**3/3 + 10. Let n(g) be the third derivative of l(g). Let v = -1 + -1. Calculate n(v).
-1
Let j(f) = -5*f - 4. Let i = -236 + 232. Determine j(i).
16
Let i(u) be the first derivative of 2 - 1/6*u**3 + 0*u**2 + 1/20*u**5 + 0*u**4 - u. Let y(k) be the first derivative of i(k). Give y(-1).
0
Let z(k) = -k**3 - 9*k**2 + 21*k - 5. Let b be z(-11). Suppose -b = -3*c + 6*c. Let h(y) = -y**2 - y + 1. Calculate h(c).
-1
Let y(w) be the second derivative of w**3/6 - 5*w. Calculate y(-1).
-1
Let v(k) = 9*k + 13. Let x(m) = 4*m + 7. Suppose 0 = -5*p + 2*p - 6. Let j(b) = p*v(b) + 5*x(b). Let i be ((-12)/4)/(1/2). Calculate j(i).
-3
Let s(x) = 5*x + 2. Let l be s(-2). Let t(q) = 7 + q**2 - 50 + 6*q + 86 - 53. Give t(l).
6
Let d be 2 - 5 - (10 - 10). Let x = d + 6. Let q(o) = o**3 - 3*o**2 - 2*o + 2. What is q(x)?
-4
Let a(p) = 7*p**3 - 2*p - 7. Let b(t) = -4*t**3 + t + 4. Let o(l) = -3*a(l) - 5*b(l). What is o(-3)?
25
Let o = -15 + 19. Let g be ((-5)/((-75)/10))/(o/6). Let r(z) = 4*z**3 - 1. Calculate r(g).
3
Suppose 0 = -3*k - 4*i + 23, -4*i + 7 = -k + 4. Let s(t) = -t**3 + 6*t**2 - 4*t - 6. Give s(k).
-1
Let x be (-1)/(1 + -2) - 2. Let b = 14 - 14. Let h(y) = b - 11*y**2 + 17*y**2 - 1. Give h(x).
5
Suppose 10*o - 26 - 24 = 0. Suppose o*p = 2*n + n + 1, 4*n + 6 = 2*p. Let q(s) = 5*s + 1. What is q(p)?
-4
Let t be (-100)/175 - (-53)/7. Let o be -4 - (-4)/(4/t). Let c(h) = -h**2 - 2*h + 4. Calculate c(o).
-11
Let h(q) = -109*q + 4. Let b(s) = -20*s + 1. Let x(o) = 33*b(o) - 6*h(o). What is x(2)?
-3
Suppose -4*q + 18 + 2 = 0, -2*b - q = -13. Let h(g) = -3*g**3 + 4 + 4*g**2 - 368*g + 371*g + b*g**3. Determine h(-3).
4
Let c(n) = -2*n + 8. Let u be c(-4). Let p(h) = -35 + 14 + 13 - h + u. Give p(0).
8
Let j(a) = 2*a - 1. Suppose y = -2*y - 9. Let v(x) = x**3 - x**2 - 3*x + 2. Let u(p) = y*j(p) - 2*v(p). Suppose -8*f = 4493 - 4501. Determine u(f).
-1
Let t(k) = 18*k + 731. Let p be t(-40). Let y(r) = -r**2 + 12*r + 6. Calculate y(p).
17
Let h be ((-27)/(-12) + 2)*4. Let k = 17 - h. Suppose k = -5*q - 14 - 16. Let b(g) = g + 9. Calculate b(q).
3
Let d(c) = -11*c - 24 + 0*c + 6*c + c. Let i be d(-6). Let t(r) = -r**3 - 5. Give t(i).
-5
Let j(z) = -z**3 + 10*z**2 - 9*z + 3. Let u be j(9). Let n(g) be the second derivative of 1/6*g**3 + 0*g**2 + 2*g + 0. Give n(u).
3
Let t(r) = 3 + 5*r - r**2 - 62*r + 56*r. Let s be 2*(3/2)/(-1). What is t(s)?
-3
Let g(j) = j + 14. Suppose 6*b = -4*b - 13*b. Give g(b).
14
Let z(a) = -5*a + 3*a**2 + 0 + 1 + 2. Suppose -5*w - 34 = -154. Suppose -5*q - 3*q = -w. What is z(q)?
15
Let z(s) = -s**2 + s. Let m(j) = j**2 + j. Let v(q) = 4*m(q) + 3*z(q). Give v(-3).
-12
Let g(u) = 4*u - 28. Let m(i) = 3*i - 20. Let d(p) = 5*g(p) - 7*m(p). Determine d(6).
-6
Let t(k) = k**3 + 6*k**2 - 6*k - 2. Let d = -8 - -9. Let s(b) = -6*b**3 - b**2. Let o be s(d). Determine t(o).
-9
Let a(x) = -2*x**2 - 3*x. Let c(u) = -9*u**2 - 18*u - 4. Let r(y) = -4*a(y) + c(y). Give r(-7).
-11
Let n(k) be the second derivative of k**3/6 - 25*k**2/2 + 629*k. What is n(0)?
-25
Let o(u) = 92456*u + 2*u**3 + u**2 - 92453*u + 6 + 0*u**2. Determine o(-2).
-12
Let r(k) = -k + 9. Suppose 114 = 2*l - b, b + 272 = 5*l + 5*b. Suppose 0 = v + 6*v - l. Determine r(v).
1
Let z(m) = -11*m**3 + 3*m + 6*m**3 - 3*m**2 - 1 + 4*m**3. Calculate z(-4).
3
Let y(d) = -86*d**2 - 42*d + 8 + 32*d + 85*d**2. Determine y(-9).
17
Let f(q) = q**3 - 6*q